e
Is 70 a factor of 1113372?
False
Is 3 a factor of 2181?
True
Is 28 a factor of 4679052?
True
Is 143478 a multiple of 35?
False
Is 44 a factor of 610237?
False
Does 51 divide 145258?
False
Does 51 divide 91698?
True
Is 963360 a multiple of 6?
True
Is 26 a factor of 48703?
False
Is 184932 a multiple of 467?
True
Is 246199 a multiple of 17?
False
Is 14398 a multiple of 46?
True
Is 3 a factor of 142608?
True
Is 351 a factor of 2488979?
False
Does 345 divide 3515703?
False
Is 26614221 a multiple of 2391?
True
Is 147482 a multiple of 410?
False
Does 113 divide 321537?
False
Is 31 a factor of 82236?
False
Does 44 divide 48763?
False
Does 310 divide 973215?
False
Is 14 a factor of 1895383?
False
Is 13 a factor of 9490?
True
Does 36 divide 2154492?
True
Is 15 a factor of 667386?
False
Does 69 divide 55476?
True
Is 3 a factor of 108721?
False
Does 25 divide 23415300?
True
Is 396 a factor of 3366396?
True
Does 13 divide 707304?
True
Is 18508990 a multiple of 9?
False
Is 120912 a multiple of 176?
True
Is 116909 a multiple of 23?
True
Does 76 divide 5660252?
True
Is 12385 a multiple of 64?
False
Does 165 divide 277035?
True
Is 1000 a factor of 20396000?
True
Is 22 a factor of 1652772?
True
Does 34 divide 62343?
False
Is 657742 a multiple of 43?
False
Is 1364100 a multiple of 50?
True
Is 1752800 a multiple of 16?
True
Is 22869 a multiple of 27?
True
Is 320 a factor of 28224?
False
Does 449 divide 1921082?
False
Is 2330 a factor of 16915800?
True
Is 18286840 a multiple of 115?
True
Is 40 a factor of 2602920?
True
Is 19 a factor of 1378829?
False
Is 34348120 a multiple of 323?
False
Is 14 a factor of 232795?
False
Is 1765440 a multiple of 5?
True
Is 2173540 a multiple of 5?
True
Does 14 divide 2359720?
False
Is 83106 a multiple of 54?
True
Does 174 divide 1873655?
False
Is 1140 a factor of 15909682?
False
Is 2508912 a multiple of 304?
True
Is 106 a factor of 175218?
True
Does 9 divide 611513?
False
Is 55356 a multiple of 3?
True
Is 3607180 a multiple of 164?
True
Is 450 a factor of 627750?
True
Is 224502 a multiple of 3?
True
Is 160 a factor of 29760?
True
Is 2482160 a multiple of 8?
True
Is 13 a factor of 4553477?
False
Is 98 a factor of 277944?
False
Does 3 divide 60531?
True
Is 866376 a multiple of 14?
True
Is 651 a factor of 628215?
True
Does 10 divide 167383?
False
Is 204564 a multiple of 12?
True
Is 148 a factor of 595996?
True
Is 913710 a multiple of 6?
True
Is 22170284 a multiple of 314?
True
Does 155 divide 24229290?
True
Does 8 divide 453328?
True
Is 289221 a multiple of 10?
False
Does 104 divide 850764?
False
Is 12 a factor of 345798?
False
Is 2597100 a multiple of 465?
False
Is 4147000 a multiple of 116?
True
Is 7 a factor of 89868?
False
Does 259 divide 1403521?
True
Is 42673 a multiple of 2?
False
Does 62 divide 735811?
False
Is 7381583 a multiple of 53?
False
Is 3151332 even?
True
Is 1601 a factor of 8712642?
True
Is 71 a factor of 8228552?
False
Does 302 divide 4821564?
False
Does 99 divide 69823?
False
Does 19 divide 3340808?
True
Is 58280 a multiple of 8?
True
Does 10 divide 2238296?
False
Is 58 a factor of 2222096?
True
Is 410 a factor of 715860?
True
Is 1085520 a multiple of 15?
True
Does 85 divide 161585?
True
Is 67233 a multiple of 73?
True
Is 253 a factor of 4671645?
True
Is 195 a factor of 109395?
True
Is 46049016 a multiple of 15?
False
Does 177 divide 106654?
False
Does 51 divide 3343992?
False
Is 40 a factor of 1441080?
True
Does 95 divide 791383?
False
Is 29 a factor of 92829?
True
Is 25865634 a multiple of 849?
True
Does 26 divide 782489?
False
Is 481584 a multiple of 158?
True
Is 13651 a multiple of 107?
False
Is 248 a factor of 2921346?
False
Does 20 divide 2447037?
False
Is 7010430 a multiple of 1757?
True
Is 2501653 a multiple of 21?
False
Is 182403 a multiple of 39?
True
Is 37 a factor of 825951?
True
Is 8 a factor of 20928?
True
Does 213 divide 3720684?
True
Does 14 divide 2246067?
False
Is 32158 a multiple of 14?
True
Is 4471594 a multiple of 484?
False
Does 48 divide 962517?
False
Is 82 a factor of 5412?
True
Does 19 divide 697718?
True
Is 273600 a multiple of 15?
True
Is 969 a factor of 8794038?
False
Does 104 divide 354224?
True
Is 219 a factor of 60006?
True
Does 23 divide 1160507?
False
Is 135312 a multiple of 4?
True
Is 820 a factor of 927982?
False
Is 15 a factor of 7901733?
False
Does 11 divide 293315?
True
Is 9 a factor of 601011?
True
Is 29 a factor of 1439066?
False
Is 1006333 a multiple of 102?
False
Is 4 a factor of 78213?
False
Does 16 divide 3938819?
False
Is 290010 a multiple of 5?
True
Is 1165649 a multiple of 61?
True
Is 1244 a factor of 10256049?
False
Does 667 divide 4683538?
False
Is 1726 a factor of 2410762?
False
Is 1196 a factor of 7372919?
False
Is 216 a factor of 170640?
True
Is 130 a factor of 3512470?
True
Is 8668173 a multiple of 62?
False
Is 20648 a multiple of 3?
False
Does 463 divide 180107?
True
Is 10 a factor of 181151?
False
Is 193172 a multiple of 89?
False
Does 23 divide 2532622?
True
Is 77079 a multiple of 4?
False
Does 364 divide 11381188?
True
Is 24 a factor of 649824?
True
Is 1475974 a multiple of 17?
True
Is 165 a factor of 94093?
False
Does 26 divide 101920?
True
Is 51 a factor of 47186?
False
Does 62 divide 122698?
True
Is 16 a factor of 243632?
True
Is 597 a factor of 887739?
True
Is 24 a factor of 119449?
False
Is 62062 a multiple of 26?
True
Does 11 divide 119445?
False
Does 90 divide 92790?
True
Is 616275 a multiple of 747?
True
Is 270 a factor of 25500?
False
Is 694 a factor of 936766?
False
Is 143 a factor of 217684?
False
Is 9 a factor of 57672?
True
Does 24 divide 2415543?
False
Is 88 a factor of 793673?
False
Does 1535 divide 10662110?
True
Does 14 divide 8974?
True
Is 10 a factor of 2868530?
True
Does 14 divide 209314?
True
Does 39 divide 142116?
True
Is 36 a factor of 16887786?
False
Is 98120 a multiple of 55?
True
Does 60 divide 18341?
False
Does 7 divide 537635?
True
Is 2 a factor of 4033?
False
Is 12098080 a multiple of 10?
True
Is 66 a factor of 1531040?
False
Is 47 a factor of 178789?
False
Is 3644112 a multiple of 27?
False
Is 458 a factor of 33083172?
True
Is 82954 a multiple of 19?
True
Is 75788 a multiple of 2?
True
Is 65270 a multiple of 10?
True
Does 85 divide 10823434?
False
Does 9 divide 23971?
False
Is 487 a factor of 1902788?
False
Does 25 divide 2139285?
False
Is 61 a factor of 424072?
True
Is 171 a factor of 19503?
False
Is 257412 a multiple of 228?
True
Is 314760 a multiple of 129?
True
Is 260460 a multiple of 180?
True
Does 265 divide 10428082?
False
Is 541600 a multiple of 111?
False
Is 818168 a multiple of 20?
False
Does 1270 divide 2302510?
True
Is 9 a factor of 325837?
False
Does 6 divide 497740?
False
Is 14 a factor of 580927?
False
Does 336 divide 273273?
False
Does 12 divide 11111928?
True
Is 1402233 a multiple of 147?
True
Is 535990 a multiple of 266?
True
Is 6 a factor of 716292?
True
Is 255 a factor of 373830?
True
Is 102 a factor of 8006796?
True
Is 9341547 a multiple of 19?
False
Is 132830 a multiple of 188?
False
Is 17480 a multiple of 184?
True
Is 177848 a multiple of 473?
True
Is 3242800 a multiple of 88?
True
Is 990392 a multiple of 13?
True
Is 39 a factor of 879333?
True
Is 1201 a factor of 3178624?
False
Does 1836 divide 15100173?
False
Is 338661 a multiple of 81?
True
Does 543 divide 4887543?
True
Does 55 divide 1625646?
False
Is 5 a factor of 8237?
False
Is 8561723 a multiple of 1246?
False
Is 7084497 a multiple of 87?
True
Does 337 divide 7221057?
False
Is 12 a factor of 1283892?
True
Does 627 divide 758654?
False
Is 2 a factor of 29216?
True
Is 5 a factor of 1023788?
False
Is 4 a factor of 1897728?
True
Is 3892707 a multiple of 1370?
False
Does 10 divide 251145?
False
Does 598 divide 506347?
False
Is 180422 a multiple of 22?
True
Is 538785 a multiple of 15?
True
Does 22 divide 4309617?
False
Is 446 a factor of 11759236?
True
Does 200 divide 555800?
True
Is 15 a factor of 11702669?
False
Is 2176020 a multiple of 140?
True
Is 28 a factor of 182859?
False
Does 66 divide 244596?
True
Is 78 a factor of 43591?
False
Is 12 a factor of 797916?
True
Does 560 divide 343622?
False
Is 3293433 a multiple of 297?
True
Does 63 divide 105026?
False
Does 52 divide 960818?
False
Is 57451 a multiple of 145?
False
Is 13071 even?
False
Is 9859